base 12) to base 13.
152094
What is 83027d (base 16) in base 12?
2a607b9
What is 9dee (base 15) in base 6?
415112
What is -1371143 (base 9) in base 5?
-143132424
What is 154971 (base 10) in base 11?
a6483
28777745 (base 9) to base 15
13c1c82
20202220001 (base 3) to base 9
222801
Convert 62536 (base 14) to base 6.
5025140
What is 112121422 (base 5) in base 12?
204030
-120112201110 (base 3) to base 4
-1022230320
430518 (base 9) to base 12
1043a5
Convert -ad366 (base 14) to base 8.
-1465236
-16036328 (base 9) to base 2
-11110100000001000100101
What is -1112010000 (base 3) in base 16?
-7512
99397 (base 13) to base 12
114691
What is -5651153 (base 7) in base 4?
-2223101102
What is 2039b (base 15) in base 11?
6a762
What is 3170304 (base 10) in base 15?
429539
-30131022211 (base 4) to base 10
-3265189
What is -ac45d4 (base 16) in base 4?
-223010113110
Convert -196bb0 (base 13) to base 7.
-5320112
Convert 634510 (base 7) to base 11.
7543a
What is -2b120 (base 12) in base 5?
-3420043
1113565 (base 10) to base 16
10fddd
-2673176 (base 8) to base 16
-b767e
21c00 (base 13) to base 6
1152003
20442001 (base 6) to base 9
1108331
27553444 (base 8) to base 10
6215460
-7721263 (base 9) to base 7
-50152560
What is 2002144 (base 6) in base 7?
540331
221314 (base 8) to base 12
370b8
What is -310332203 (base 6) in base 14?
-9d2615
What is -5159654 (base 10) in base 3?
-100201010201022
2311211201 (base 4) to base 12
2ba515
Convert 10000110001010000101 (base 2) to base 8.
2061205
-21021676 (base 9) to base 2
-100110100100101100101001
What is -100100101100001001 (base 2) in base 6?
-3115425
Convert -961d5d (base 14) to base 8.
-23272477
e1d78 (base 16) to base 6
31454344
12111210020220 (base 3) to base 4
23022333003
What is 210121222323 (base 4) in base 13?
1c91466
-232011323103 (base 4) to base 7
-204463053
-3262547 (base 8) to base 5
-211043202
1200201212201 (base 3) to base 12
374b6a
What is 1f8dd4 (base 16) in base 11?
1192731
36c04 (base 14) to base 11
91800
What is 140041221 (base 5) in base 12?
2a0557
-31342034 (base 5) to base 7
-2141161
What is 323414 (base 12) in base 11?
4a2396
What is -2615106 (base 7) in base 6?
-11143303
12626015 (base 7) to base 4
10130303123
What is 5cd30 (base 16) in base 15?
779c3
Convert 1014042000 (base 5) to base 7.
23551150
-2333033 (base 7) to base 12
-12215b
What is -50a42 (base 11) in base 16?
-122dd
What is -32320313 (base 5) in base 6?
-5531153
-733cbc (base 13) to base 9
-5054716
What is -20010211000 (base 3) in base 16?
-1d82f
What is -5907f (base 16) in base 7?
-3046116
1000011010111010 (base 2) to base 16
86ba
10101010010010001 (base 2) to base 13
308b7
What is 1934792 (base 10) in base 7?
22305536
What is 1188412 (base 9) in base 16?
9e7b9
-1424113232 (base 5) to base 9
-7027313
-58513 (base 13) to base 16
-275da
What is -1304445 (base 13) in base 15?
-7c8059
Convert 1202a51 (base 13) to base 16.
551379
What is -10a826 (base 12) in base 2?
-1000001010000011110
What is 14bab0 (base 13) in base 12?
208041
What is 11130425 (base 7) in base 9?
1731265
-1110100111010000100001 (base 2) to base 9
-7177803
What is -156405 (base 13) in base 2?
-10000000111001011001
2c4599 (base 14) to base 10
1548731
Convert -2115086 (base 9) to base 12.
-467273
-2d73ff (base 16) to base 9
-5540144
Convert 26127 (base 13) to base 11.
48a77
What is -1001220110001200 (base 3) in base 4?
-322212113331
Convert 2014202114 (base 5) to base 10.
4053409
Convert -12102112100121 (base 3) to base 9.
-5375317
Convert -828a300 (base 11) to base 10.
-14625391
What is 21212101 (base 5) in base 12?
8772a
What is -100010000010001100100 (base 2) in base 3?
-2002122211001
What is -11430137 (base 8) in base 12?
-a08427
143487 (base 11) to base 15
4665c
What is -10111100011101010 (base 2) in base 12?
-47a0a
What is -50022335 (base 7) in base 12?
-146a268
What is 10010010011111011 (base 2) in base 6?
1335123
Convert -a566 (base 16) to base 13.
-16371
-140234040 (base 5) to base 4
-2231301122
-322030202 (base 4) to base 7
-2011646
275bad (base 15) to base 11
1082a70
What is 231222440 (base 5) in base 9?
1853357
11410304 (base 6) to base 5
42442404
Convert 5172257 (base 8) to base 14.
27a6d1
What is 4362b31 (base 12) in base 15?
11d376a
-63059 (base 14) to base 6
-5041331
1221100100121 (base 3) to base 5
230432321
What is -116272 (base 10) in base 6?
-2254144
Convert -10c5d8 (base 15) to base 4.
-3003212303
Convert -2242235 (base 6) to base 11.
-7909a
-24143320 (base 6) to base 9
-1377743
aa21a (base 11) to base 13
57a85
-23132120100 (base 4) to base 14
-584304
Convert -bb13b (base 13) to base 15.
-6a4a7
What is 1455532 (base 8) in base 12?
18110a
Convert -21168b (base 13) to base 15.
-104718
110010110111000000011000 (base 2) to base 7
221216163
What is -101454001 (base 7) in base 6?
-331450424
What is -562438 (base 10) in base 4?
-2021110012
What is 65777 (base 10) in base 15?
14752
-10132233012 (base 4) to base 9
-2180056
Convert 123003130 (base 4) to base 13.
3b590
Convert -121121111201201 (base 3) to base 11.
-4a8a669
-532002 (base 10) to base 12
-217a56
Convert -312143245 (base 6) to base 15.
-7229a5
-403044 (base 10) to base 4
-1202121210
Convert 2887 (base 10) to base 13.
1411
Convert -6700230 (base 10) to base 3.
-110121101222200
What is 5703 (base 15) in base 4?
10200111
-276353 (base 8) to base 9
-157680
2993b4b (base 12) to base 11
4820805
452125012 (base 6) to base 11
4706aa5
687dc9 (base 14) to base 6
204115525
Convert 22572403 (base 9) to base 2.
101001110110101010000001
What is -5032666 (base 7) in base 14?
-117536
-1015135 (base 7) to base 4
-131233300
Convert -2021305 (base 7) to base 9.
-406027
What is 285bfb (base 16) in base 14?
4cbcb9
Convert -31101414 (base 7) to base 3.
-11220101021000
Convert 4227406 (base 8) to base 7.
12400144
What is 26d79f (base 16) in base 6?
130321011
Convert -58325 (base 13) to base 5.
-20122134
Convert 11100101110001011 (base 2) to base 12.
580b7
3111110140 (base 5) to base 2
11000001101101100011001
1653161 (base 10) to base 16
1939a9
345045314 (base 6) to base 2
11000011010000100101110
Convert -268774 (base 9) to base 5.
-20221210
What is -30216736 (base 9) in base 3?
-1000020120211020
What is -256140 (base 11) in base 10?
-403458
Convert 11111220102110 (base 3) to base 9.
4456373
-2111314310 (base 5) to base 7
-52260334
What is 102102110122 (base 3) in base 15?
46968
What is -575024 (base 11) in base 8?
-3371767
-c046 (base 13) to base 5
-1321142
Convert 1b6aa7 (base 13) to base 4.
2223000321
-472867 (base 10) to base 14
-c4483
5637302 (base 10) to base 15
7654a2
Convert 475363 (base 16) to base 2.
10001110101001101100011
-483020 (base 9) to base 3
-112210000200
What is -104763 (base 9) in base 2?
-1111010001111101
-3a7b0 (base 14) to base 3
-21022211021
-147555 (base 9) to base 4
-112023203
1a315 (base 11) to base 3
1102212021
What is 1442245 (base 6) in base 14?
225c9
-12222100211222 (base 3) to base 13
-87289a
3024022 (base 5) to base 13
191a4
Convert -21140134 (base 6) to base 12.
-25a64a
What is -202112221 (base 4) in base 3?
-21011000121
-1251a7 (base 12) to base 8
-1110317
Convert 10581273 (base 9) to base 2.
10011100100110110001011
What is 145154 (base 6) in base 16?
371e
-d0a4c (base 15) to base 3
-1020112222000
Convert -1b88b5 (base 15) to base 16.
-1486c4
Convert 11122211011122 (base 3) to base 2.
1001011100100111111010
Convert 23302022200 (base 4) to base 9.
5727344
-106717 (base 9) to base 16
-fa06
-135a4 (base 13) to base 15
-aa8b
Convert -34957 (base 16) to base 7.
-1554640
12001113011 (base 4) to base 16
1815c5
Convert -100010010000001000100111 (base 2) to base 4.
-202100020213
212441 (base 5) to base 16
1c4e
-100222000020 (base 3) to base 16
-2fe0b
What is 13004320 (base 6) in base 3?
210101100110
2346405 (base 7) to base 11
19363a
Convert 401034021 (base 5) to base 12.
642793
-110753 (base 9) to base 11
-45835
-17014 (base 15) to base 2
-10010001000011101
Convert -13322331 (base 4) to base 2.
-111111010111101
What is 100000001010011110101 (base 2) in base 7?
11646500
What is -5866362 (base 11) in base 16?
-9c49ac
-d7cbbc (base 15) to base 2
-100111001011001011011010
Convert f246 (base 16) to base 13.
222cc
Convert -12110201001 (base 3) to base 15.
-21d87
Convert 130938 (base 14) to base 3.
102002